t of f?
1
Let a(q) = 3*q + 34. Let h be a(-10). Suppose -2*n + 11 = 5*x, 2*n - 5 = -h*x + 7. What is the hundreds digit of n/(-10) - 7137/(-65)?
1
Let o = -384 - -719. Suppose 10 = 12*a - 7*a. Suppose 5*s = -5*q + o, -5*q - 134 = -a*s - 0*s. What is the units digit of s?
7
Suppose 3*s = 2*f - 18096 + 6573, 5*f + 3*s = 28839. What is the units digit of f?
6
Let t(x) be the first derivative of 40*x**2 - 18*x + 12. Let a be t(8). Suppose 4*l - 110 = a. What is the hundreds digit of l?
1
Suppose -5*v + 147 = -4*v. Let b = v - -73. Suppose 0 = 15*j - 19*j + b. What is the units digit of j?
5
Let i(q) = q**2 + 13*q + 3. Let w be i(14). Let x = 534 - w. Let u = 315 - x. What is the units digit of u?
2
What is the tens digit of 12910/2 - ((-18)/(-108))/((-2)/(-60))?
5
Let f(y) = y**3 + 4*y**2 - 14*y + 35. Suppose -2*b - 2*h = -10, 5*h - 7*h - 26 = -4*b. What is the tens digit of f(b)?
1
Suppose 41*s + 52320 = -9*s + 90*s. What is the tens digit of s?
0
Let j(d) = d**2 - 11*d + 24. Let p be j(10). Suppose 2772 = -p*z + 9002. What is the units digit of z?
5
Suppose -w + 9019 = 3*q, -6*w + 7*q - 8*q = -54012. What is the hundreds digit of w?
0
Suppose -4*m + 16704 = -3*f, 32 = 2*f + 40. What is the tens digit of m?
7
Let b = 459 - 461. Let q(k) = -40*k - 3. Let r(v) = -39*v - 3. Let n(w) = -2*q(w) + 3*r(w). What is the units digit of n(b)?
1
Let i be ((-10 - -4) + -925)*-1. Suppose -i = -9*d + 8*d. What is the units digit of d?
1
Suppose 20*q = 43*q + 5*q - 25536. What is the hundreds digit of q?
9
Suppose -12*w + 182031 = 7*w - 30370. What is the tens digit of w?
7
Let f be (-2)/(-6) + (-10)/3. Suppose 0 = g + 2*x + 220, -12*g = -16*g - 5*x - 883. What is the tens digit of 1/(663/g - f)?
7
Let t be 38/5 + 10/(200/(-12)). Suppose t*c + 7*c - 4956 = 0. Suppose -a + c = o + 2*o, 3*o + 5*a - 342 = 0. What is the hundreds digit of o?
1
Suppose -928256 = 397*x - 446*x. What is the hundreds digit of x?
9
Let x = 122515 - 71293. What is the thousands digit of x?
1
Let s = -173908 - -254585. What is the tens digit of s?
7
Let c be ((-60)/25)/((-20)/(-50)). Let q(n) = 2*n + 6*n - n**3 + 5*n - 2*n**2 - 7. What is the tens digit of q(c)?
5
Let u(v) = v**2 - 16*v + 36. Suppose 2*h + 0 - 4 = 0. Suppose -2*t - 86 = -4*w, -3*w - 5*t = h*w - 85. What is the tens digit of u(w)?
1
Let z = 37194 + -22277. What is the ten thousands digit of z?
1
What is the ten thousands digit of (60836/(-201))/(6/(-603))?
3
Let a(g) = 3*g**3 + 4*g**2 - 18*g - 8. Let n(p) = -p**2 - 2*p + 1. Let y(l) = a(l) + 3*n(l). What is the units digit of y(6)?
5
Let l(w) = 3*w**2 + 6*w - 10. Let k be l(9). Suppose 42 = -14*q + 17*q. Suppose q*f = 7*f + k. What is the units digit of f?
1
Suppose 36 + 5 = i. Suppose -7*b = -2*b - 310. Let q = b - i. What is the tens digit of q?
2
Suppose 88166 = 11*q - 21884 - 2238. What is the hundreds digit of q?
2
Let f(i) = 4*i**2 + 2*i - 11. Let z be 0 + 2 + (-2 - 0)/1. Let q(h) = 2*h**2 + h + 5. Let o be q(z). What is the tens digit of f(o)?
9
Let r = -296 - -428. Suppose -r = 6*k - 12*k. What is the tens digit of k?
2
Suppose 7*s - 990 = 648. What is the hundreds digit of 2390/3 + 78/s?
7
Suppose -108*q + 104*q - 7*x + 20969 = 0, 2*q = 2*x + 10512. What is the units digit of q?
1
Let a = 358 - 366. Let d(k) = -92*k + 75. What is the hundreds digit of d(a)?
8
Suppose 37*a - 476 = -106. What is the hundreds digit of 11452/a + (-164)/(-205)?
1
Suppose 935*p - 464157 = 908*p. What is the ten thousands digit of p?
1
Let b(l) = 13*l**2 - 5*l + 2*l**3 - 3 - 7*l**2 + 0*l**3 - 3*l**3. Let f be b(5). Let u(g) = -6*g**3 + g**2 + 3*g + 2. What is the units digit of u(f)?
4
Let c(p) = -1 - 3 + 4 + 5 - 53*p. Let b be (-9)/3 + -2 + 3. What is the tens digit of c(b)?
1
Let b(c) = 6*c**3 - 24*c**2 + 238*c - 28. What is the units digit of b(14)?
4
Let c(a) = -a + 21. Let k be (-9)/(-7) + -1 + (-68)/(-7). Let g be c(k). Let w(i) = -i**3 + 12*i**2 - 4*i - 7. What is the units digit of w(g)?
0
Suppose -62944 = -7*p - p. Suppose 0 = 230*w - 223*w - p. What is the tens digit of w?
2
Suppose -27*h = -261 + 666. Let q(t) = 8*t**2 + 21*t + 52. What is the thousands digit of q(h)?
1
Let y = -37719 + 65634. What is the thousands digit of y?
7
Suppose 2*j - 6*j + 11 = -i, 5*j + 2*i - 17 = 0. Suppose -5 = -0*u - 5*u, -j*u = -5*k + 22. Let y(q) = -q**3 + 7*q**2 + q - 22. What is the tens digit of y(k)?
3
Let d be 18 + -12 - 6/(-2). Suppose -d*t + 28*t = 6992. What is the units digit of t?
8
Suppose -5*y - 16432 + 129157 = -g, 0 = -3*y + 10*g + 67682. What is the ten thousands digit of y?
2
Let s = 271 - 192. Let m = 189 + s. What is the tens digit of m?
6
Suppose 23*s - 67*s + 17*s + 161919 = 0. What is the tens digit of s?
9
Let q be -2*2/(-20) + (-21)/105. Let w(j) = 0 - 11*j + q*j - 12 + j**2. What is the units digit of w(17)?
0
Suppose -o - b + 6013 = 0, 0*b + 2*b = -4*o + 24044. What is the thousands digit of o?
6
Let x = 15253 + -3220. What is the units digit of x?
3
Suppose 28*x - 32*x = 0. What is the hundreds digit of (-2320)/(-5) + -2 + x?
4
Let l(n) = n**3 - 4*n**2 + 2*n + 6. Let r(p) = 3*p + 18. Let h be r(-5). Let i be l(h). Suppose -2*d - 3*d + 329 = i*f, 3*f = -6. What is the tens digit of d?
6
Let l = -450 - -1558. Let r = l - 90. What is the thousands digit of r?
1
Let j(m) = -624*m + 2215. What is the thousands digit of j(-4)?
4
Let b = 74523 + -44139. What is the tens digit of 6/(-4)*b/(-54)?
4
Suppose -w + 2*b = -223, -4*w - 2*b + 904 = 2*b. Let i = w + -127. Suppose 5*z - 5*k - 927 = i, 625 = 3*z - k. What is the tens digit of z?
1
Let y be (4/(-20)*0)/1. Suppose -2*l = -0*x + 5*x + 101, y = 2*l - x + 83. Let u = l - -109. What is the units digit of u?
6
Suppose -3*w - 5*w - 48 = 0. Let a be ((-418)/57)/(4/w). Suppose a*j - 8*j = 2*x + 277, 0 = -5*j - 2*x + 435. What is the tens digit of j?
8
Let x(z) = 30*z - 4. Let t be x(5). Suppose -782 = -6*l - t. Suppose v + 18 - l = -2*o, 2*o + 92 = v. What is the units digit of v?
0
Let y be 1 + -6 + 6 + 1 + -6. What is the hundreds digit of -2*(y/(-6))/(64/(-27792))?
5
Suppose 5*t = 2*g + g + 1226, 0 = 5*g + t + 2090. Let y = -273 - g. What is the hundreds digit of y?
1
Let j(x) = 124*x**2 + x + 2. Let f(k) = k**3 - 6*k**2 + 2*k - 13. Let a be f(6). Let p be j(a). What is the hundreds digit of p + (-4)/6*-6?
1
Suppose 5*u = -5*f - 30, -2*u + 0*f + 2 = -5*f. Let v(a) = -6*a**2 - 9*a - 2. Let c be v(u). Let z = c - -190. What is the units digit of z?
8
Suppose -2*g = f - 11217, -3*g + f = g - 22437. Let m = g + -3879. What is the thousands digit of m?
1
Suppose -4*f + 6285 - 866 = -3*f. What is the tens digit of f?
1
Let l(x) = 5*x**2 - 17 - 11*x + 2 - 6*x**2 - 1. Let h be l(-6). Suppose 11*v = h*v - 810. What is the hundreds digit of v?
2
Suppose 33 = -2*r + 37. Suppose -521 = 4*p - 7*p - r*y, 0 = y + 5. What is the units digit of p?
7
Let m(d) = 7*d**2 - 49*d + 1342. What is the units digit of m(16)?
0
Let x = 141 + -101. Let m(r) = 5 + 34*r + x*r + 41*r - 124*r. What is the units digit of m(-3)?
2
Let q(i) = -i**3 + 38*i**2 - 99*i + 6. What is the units digit of q(24)?
4
Suppose -465 = 2*o - 23. Let k = o - -461. What is the hundreds digit of k?
2
What is the hundreds digit of ((-15314)/(-91))/((-11)/(-1463))?
3
Suppose 4*d = -381 + 409. Let q(k) = 14*k - 97. What is the units digit of q(d)?
1
Let y = 70379 + -43058. What is the ten thousands digit of y?
2
Let g be 3 + 3/(-1 + -2). Let b(z) = 23*z + 10. Let r(u) = 53*u + 19. Let y(v) = -11*b(v) + 6*r(v). What is the tens digit of y(g)?
3
Suppose -11*b + 8*b + q + 24632 = 0, 2*q + 8214 = b. What is the units digit of b?
0
What is the ten thousands digit of (1/(-4))/((-4624)/(-192) - 24) - -69709?
6
Suppose -3*y - 4*x = 31, y + 2*x = 7*x - 42. Let i = 20 + y. Suppose 0 = -3*c - i, 35 = w - 2*c - 47. What is the units digit of w?
0
Suppose 0*x - 5*x - 8*x = 0. Suppose x = 22*p - 5097 - 18003. What is the thousands digit of p?
1
Suppose 0 = -5*n + 3*t + 95281, 44 = -2*t + 50. What is the units digit of n?
8
Let u = 1605 - 1608. Let w(s) = -8*s + 8 + s - 3*s. What is the tens digit of w(u)?
3
Suppose 2*n + 8 = 3*n + 5*g, -g - 11 = -4*n. Let t be (-6)/(-2) - -2*1. Suppose -t*i + 4*q = -590, -i - 236 = -n*i + 4*q. What is the tens digit of i?
1
Let c be 20/30 + 1754/(-3). Let d = c 